e the greatest common divisor of 713674 and 26.
26
What is the highest common factor of 84 and 12677?
7
Calculate the highest common factor of 36218 and 9542.
26
What is the greatest common factor of 110 and 456170?
110
What is the highest common divisor of 9751583 and 43?
43
Calculate the highest common divisor of 4480 and 1526.
14
Calculate the greatest common divisor of 10 and 33595.
5
What is the greatest common divisor of 15167 and 116?
29
Calculate the greatest common divisor of 3460 and 40.
20
What is the highest common factor of 150111 and 169?
13
Calculate the greatest common divisor of 3080 and 496.
8
What is the greatest common factor of 113290 and 20?
10
Calculate the greatest common divisor of 7106802 and 1164.
582
What is the highest common divisor of 595 and 11118765?
595
Calculate the highest common factor of 625 and 4075.
25
Calculate the greatest common divisor of 2272 and 13672.
8
Calculate the greatest common divisor of 494 and 22.
2
What is the highest common divisor of 23994 and 172?
86
What is the highest common divisor of 712040 and 280?
280
What is the highest common factor of 120 and 4296?
24
Calculate the highest common factor of 51358 and 36.
2
Calculate the highest common divisor of 39 and 2592213.
39
Calculate the greatest common factor of 24 and 583626.
6
What is the greatest common factor of 3 and 133887?
3
Calculate the highest common factor of 108 and 1156.
4
What is the greatest common factor of 496 and 18507?
31
What is the highest common divisor of 129264 and 4?
4
Calculate the highest common divisor of 12 and 7068.
12
What is the greatest common divisor of 5925 and 375?
75
Calculate the highest common factor of 15 and 4835.
5
What is the highest common divisor of 328 and 41246?
82
Calculate the greatest common divisor of 76 and 137712.
76
Calculate the greatest common factor of 49 and 4235462.
49
What is the greatest common factor of 211 and 288859?
211
Calculate the greatest common divisor of 30 and 217970.
10
Calculate the greatest common factor of 70 and 5462870.
70
What is the highest common divisor of 17618 and 46?
46
Calculate the highest common factor of 22 and 4559027.
11
What is the highest common factor of 294747 and 285?
57
What is the highest common factor of 162 and 154716?
6
Calculate the highest common divisor of 1658086 and 1636.
818
What is the greatest common factor of 318423 and 531?
177
What is the greatest common factor of 2162599 and 2451?
817
What is the highest common divisor of 608 and 1026?
38
Calculate the highest common divisor of 2077 and 15343.
67
What is the greatest common divisor of 62566 and 263998?
1526
Calculate the highest common factor of 87329 and 561.
187
Calculate the highest common factor of 14526 and 47344.
538
Calculate the highest common divisor of 3050 and 800.
50
What is the highest common factor of 2115 and 18945?
45
What is the greatest common factor of 562 and 5527270?
562
What is the greatest common factor of 14196 and 1029?
21
What is the highest common divisor of 276 and 145038?
138
What is the greatest common divisor of 28 and 384248?
4
Calculate the highest common factor of 15281 and 20461.
259
Calculate the highest common divisor of 279 and 1458.
9
Calculate the greatest common factor of 77424 and 112.
16
What is the highest common divisor of 20590 and 3834?
142
Calculate the highest common divisor of 1176 and 67179.
147
What is the greatest common factor of 772998 and 102?
6
Calculate the greatest common factor of 376 and 5.
1
Calculate the highest common factor of 2890 and 6885.
85
Calculate the highest common factor of 225 and 405550.
25
What is the greatest common factor of 22331 and 39609?
163
Calculate the greatest common divisor of 295444 and 19654.
634
What is the greatest common factor of 582 and 2406?
6
What is the highest common divisor of 4312 and 31801?
539
Calculate the highest common divisor of 75 and 7693725.
75
Calculate the highest common divisor of 1474522 and 21.
7
What is the greatest common factor of 840 and 80160?
120
Calculate the highest common divisor of 100 and 126950.
50
Calculate the highest common factor of 848 and 702568.
424
What is the greatest common divisor of 150 and 5971575?
75
What is the greatest common factor of 13005 and 450?
45
Calculate the greatest common divisor of 415 and 9711.
83
Calculate the highest common divisor of 221998 and 14.
14
What is the highest common divisor of 15 and 1862205?
15
What is the greatest common divisor of 132908 and 14272?
892
Calculate the greatest common factor of 192 and 2010.
6
Calculate the highest common divisor of 110 and 3118555.
55
What is the greatest common divisor of 100 and 7068?
4
Calculate the highest common factor of 52439 and 41.
41
Calculate the highest common factor of 78 and 97890.
78
What is the greatest common divisor of 10 and 32854?
2
What is the greatest common divisor of 2938320 and 110?
110
What is the highest common factor of 320 and 658480?
80
Calculate the greatest common divisor of 108 and 1309419.
27
Calculate the greatest common divisor of 728 and 43420.
52
Calculate the highest common factor of 4016 and 93623.
251
What is the highest common divisor of 1307658 and 231?
33
What is the greatest common divisor of 1474 and 149678?
134
Calculate the greatest common divisor of 1050 and 95130.
210
Calculate the greatest common factor of 210 and 796985.
35
What is the highest common factor of 225688 and 8?
8
What is the highest common divisor of 2035 and 15170?
185
Calculate the highest common factor of 97812 and 855.
171
What is the greatest common divisor of 68 and 4051338?
34
What is the highest common divisor of 70 and 18320?
10
Calculate the greatest common factor of 6732 and 13600.
68
What is the highest common factor of 3561472 and 222?
74
What is the highest common factor of 6759 and 171?
9
Calculate the greatest common divisor of 55712 and 256.
32
Calculate the greatest common factor of 124038 and 108.
54
Calculate the greatest common divisor of 6314 and 7.
7
What is the highest common divisor of 19411 and 5369?
413
Calculate the highest common divisor of 6141190 and 44.
22
Calculate the highest common factor of 376808 and 589.
19
Calculate the highest common factor of 2660 and 595.
35
What is the greatest common divisor of 6842 and 23014?
622
What is the highest common factor of 576 and 3852?
36
Calculate the highest common divisor of 1010 and 8686.
202
Calculate the highest common divisor of 8996 and 10426.
26
Calculate the greatest common divisor of 1168 and 178240.
16
Calculate the highest common factor of 210 and 18543.
21
Calculate the greatest common factor of 136436 and 4140.
92
Calculate the highest common divisor of 184 and 19918.
46
What is the greatest common factor of 1019 and 199?
1
Calculate the highest common factor of 3416 and 40382.
122
Calculate the greatest common factor of 154214 and 332.
166
Calculate the highest common divisor of 999900 and 3600.
900
Calculate the highest common divisor of 9333 and 306.
153
What is the greatest common factor of 101494 and 1395?
31
Calculate the greatest common divisor of 81 and 43830.
9
Calculate the greatest common factor of 45582 and 639.
213
Calculate the highest common divisor of 1455129 and 78.
39
What is the highest common divisor of 117132 and 3405?
681
Calculate the highest common factor of 352 and 216416.
32
Calculate the greatest common factor of 116832 and 96.
96
Calculate the greatest common divisor of 187584 and 6144.
192
What is the highest common divisor of 867 and 257091?
51
Calculate the greatest common factor of 390 and 87594.
78
Calculate the highest common divisor of 63868 and 8.
4
What is the highest common divisor of 27528 and 155?
31
Calculate the greatest common divisor of 16 and 241064.
8
What is the greatest common divisor of 2577189 and 183?
183
Calculate the highest common factor of 117449 and 457.
457
What is the highest common factor of 41898 and 6?
6
Calculate the highest common divisor of 25182 and 84.
6
What is the greatest common divisor of 311400 and 2400?
600
Calculate the greatest common divisor of 25712 and 368.
16
Calculate the greatest common factor of 144 and 1105884.
36
Calculate the highest common divisor of 407 and 11275.
11
Calculate the gre